 3, 5, 67
What are the prime factors of 9910965?
3, 5, 660731
List the prime factors of 988097.
11, 43, 2089
List the prime factors of 248271.
3, 82757
List the prime factors of 3598388.
2, 163, 5519
List the prime factors of 60645.
3, 5, 13, 311
What are the prime factors of 21894515?
5, 349, 12547
List the prime factors of 47425.
5, 7, 271
What are the prime factors of 686178?
2, 3, 97, 131
List the prime factors of 2651586.
2, 3, 7, 29, 311
List the prime factors of 5152495.
5, 661, 1559
What are the prime factors of 13409152?
2, 104759
What are the prime factors of 944147?
944147
What are the prime factors of 372613?
372613
List the prime factors of 1096789.
17, 149, 433
What are the prime factors of 2965184?
2, 107, 433
List the prime factors of 27653432.
2, 397, 8707
List the prime factors of 18716646.
2, 3, 13, 239957
What are the prime factors of 5752067?
43, 133769
List the prime factors of 644694.
2, 3, 107449
What are the prime factors of 777217?
7, 111031
What are the prime factors of 5462182?
2, 11, 22571
What are the prime factors of 567297?
3, 21011
What are the prime factors of 186?
2, 3, 31
List the prime factors of 14870843.
13, 193, 5927
What are the prime factors of 4605866?
2, 19, 61, 1987
What are the prime factors of 6481371?
3, 13, 166189
What are the prime factors of 1337339?
17, 97, 811
What are the prime factors of 301998?
2, 3, 50333
List the prime factors of 353267.
19, 18593
What are the prime factors of 6100459?
31, 47, 53, 79
List the prime factors of 6560967.
3, 7, 312427
What are the prime factors of 166252?
2, 89, 467
What are the prime factors of 1378234?
2, 11, 13, 61, 79
List the prime factors of 4984793.
11, 461, 983
What are the prime factors of 2321443?
2321443
List the prime factors of 398364.
2, 3, 89, 373
List the prime factors of 245875.
5, 7, 281
What are the prime factors of 4411316?
2, 7, 13, 12119
List the prime factors of 361747.
361747
List the prime factors of 249493.
347, 719
What are the prime factors of 5311683?
3, 13, 37, 409
List the prime factors of 1327121.
79, 107, 157
What are the prime factors of 5054226?
2, 3, 842371
What are the prime factors of 15981162?
2, 3, 2663527
List the prime factors of 768417.
3, 13, 17, 19, 61
What are the prime factors of 2375186?
2, 11, 107, 1009
What are the prime factors of 32196?
2, 3, 2683
List the prime factors of 741144.
2, 3, 30881
What are the prime factors of 20563882?
2, 751, 13691
List the prime factors of 11050793.
13, 850061
List the prime factors of 227732.
2, 17, 197
List the prime factors of 1648166.
2, 13, 63391
What are the prime factors of 3323010?
2, 3, 5, 257, 431
List the prime factors of 364173.
3, 19, 6389
List the prime factors of 18946016.
2, 53, 11171
List the prime factors of 8304458.
2, 4152229
List the prime factors of 33360.
2, 3, 5, 139
What are the prime factors of 5692185?
3, 5, 126493
List the prime factors of 1320118.
2, 17, 41, 947
List the prime factors of 5904245.
5, 1180849
What are the prime factors of 1268153?
281, 4513
What are the prime factors of 1097117?
7, 19, 73, 113
List the prime factors of 2572437.
3, 7, 122497
List the prime factors of 11964285.
3, 5, 265873
List the prime factors of 387613.
387613
List the prime factors of 358831.
11, 32621
What are the prime factors of 2008555?
5, 401711
List the prime factors of 34483.
34483
List the prime factors of 122738.
2, 7, 11, 797
List the prime factors of 1274656.
2, 61, 653
What are the prime factors of 265327?
37, 71, 101
What are the prime factors of 781930?
2, 5, 78193
List the prime factors of 311090.
2, 5, 13, 2393
List the prime factors of 464404.
2, 116101
List the prime factors of 3729475.
5, 241, 619
What are the prime factors of 110536?
2, 41, 337
What are the prime factors of 19627748?
2, 7, 283, 2477
What are the prime factors of 3311471?
23, 143977
List the prime factors of 20905419.
3, 6968473
What are the prime factors of 321860?
2, 5, 7, 11, 19
List the prime factors of 228655.
5, 7, 47, 139
What are the prime factors of 430779?
3, 143593
What are the prime factors of 162282?
2, 3, 17, 37, 43
List the prime factors of 937926.
2, 3, 11, 1579
List the prime factors of 2155881.
3, 7, 13, 53, 149
List the prime factors of 999438.
2, 3, 11, 19, 797
List the prime factors of 15989.
59, 271
What are the prime factors of 331732?
2, 239, 347
List the prime factors of 87084.
2, 3, 41, 59
List the prime factors of 1182846.
2, 3, 7, 28163
List the prime factors of 1131999.
3, 11, 34303
What are the prime factors of 612994?
2, 31, 9887
List the prime factors of 6251893.
19, 47, 7001
What are the prime factors of 60325?
5, 19, 127
List the prime factors of 5473565.
5, 67, 16339
What are the prime factors of 1044936?
2, 3, 23, 631
List the prime factors of 134791.
37, 3643
List the prime factors of 483404.
2, 120851
List the prime factors of 1645423.
13, 47, 2693
List the prime factors of 1018347.
3, 11, 30859
What are the prime factors of 245339?
245339
List the prime factors of 17622735.
3, 5, 13, 90373
List the prime factors of 8914178.
2, 7, 13, 6997
What are the prime factors of 55901?
55901
What are the prime factors of 1323548?
2, 330887
What are the prime factors of 1550901?
3, 11, 46997
List the prime factors of 198412.
2, 49603
List the prime factors of 25472767.
41, 331, 1877
List the prime factors of 814609.
814609
What are the prime factors of 30488?
2, 37, 103
List the prime factors of 282137.
67, 4211
What are the prime factors of 1810690?
2, 5, 7, 25867
What are the prime factors of 550456?
2, 83, 829
List the prime factors of 152307.
3, 5641
List the prime factors of 1845911.
17, 23, 4721
List the prime factors of 235534.
2, 13, 9059
List the prime factors of 16292086.
2, 17, 71, 397
List the prime factors of 414147.
3, 127, 1087
What are the prime factors of 101423?
7, 14489
List the prime factors of 25667413.
2749, 9337
List the prime factors of 22445559.
3, 17, 79, 619
What are the prime factors of 11522568?
2, 3, 480107
What are the prime factors of 410279?
410279
List the prime factors of 5907826.
2, 23, 128431
List the prime factors of 173048.
2, 97, 223
List the prime factors of 5056.
2, 79
What are the prime factors of 15868213?
67, 163, 1453
What are the prime factors of 1401473?
173, 8101
What are the prime factors of 421116?
2, 3, 19, 1847
What are the prime factors of 26358?
2, 3, 23, 191
What are the prime factors of 1057570?
2, 5, 17, 6221
List the prime factors of 165481.
127, 1303
List the prime factors of 227471.
227471
What are the prime factors of 21482227?
13, 1652479
List the prime factors of 1706905.
5, 337, 1013
List the prime factors of 14149493.
14149493
What are the prime factors of 11106237?
3, 3702079
List the prime factors of 4100424.
2, 3, 170851
What are the prime factors of 4297242?
2, 3, 83, 8629
List the prime factors of 78919.
78919
List the prime factors of 281249.
281249
List the prime factors of 268087.
227, 1181
What are the prime factors of 620167?
281, 2207
What are the prime factors of 167064?
2, 3, 6961
What are the prime factors of 992910?
2, 3, 5, 23, 1439
What are the prime factors of 175451?
47, 3733
What are the prime factors of 238721?
7, 67, 509
What are the prime factors of 11849?
17, 41
List the prime factors of 56184.
2, 3, 2341
List the prime factors of 2462019.
3, 7, 117239
What are the prime factors of 10112318?
2, 23, 367, 599
What are the prime factors of 36336804?
2, 3, 7, 229, 1889
List the prime factors of 2252375.
5, 37, 487
List the prime factors of 1040376.
2, 3, 67, 647
What are the prime factors of 10474093?
7, 59, 3623
What are the prime factors of 159711?
3, 139, 383
What are the prime factors of 272262?
2, 3, 45377
List the prime factors of 1642751.
11, 149341
List the prime factors of 401761.
17, 23633
List the prime factors of 585438.
2, 3, 7, 53, 263
List the prime factors of 749329.
7, 167, 641
What are the prime factors of 227947?
227947
What are the prime factors of 1027887?
3, 7, 48947
What are the prime factors of 3428773?
1129, 3037
What are the prime factors of 635670?
2, 3, 5, 7, 1009
List the prime factors of 40423.
40423
List the prime factors of 1485488.
2, 227, 409
List the prime factors of 40749.
3, 17, 47
What are the prime factors of 15456785?
5, 